{"id":612,"date":"2021-01-07T03:11:04","date_gmt":"2021-01-07T03:11:04","guid":{"rendered":"https:\/\/themesgavias.com\/wp\/indutri\/?page_id=612"},"modified":"2022-06-08T12:48:41","modified_gmt":"2022-06-08T12:48:41","slug":"advocacia-empresarial-marcio-oliveira","status":"publish","type":"page","link":"https:\/\/advocaciaempresarialbetim.com.br\/?page_id=612","title":{"rendered":"Advocacia Empresarial M\u00e1rcio Oliveira"},"content":{"rendered":"\t\t<div data-elementor-type=\"wp-post\" data-elementor-id=\"612\" class=\"elementor elementor-612\" data-elementor-settings=\"[]\">\n\t\t\t\t\t\t\t<div class=\"elementor-section-wrap\">\n\t\t\t\t\t\t\t<section class=\"elementor-section elementor-top-section elementor-element elementor-element-1279549a elementor-section-boxed elementor-section-height-default elementor-section-height-default\" data-id=\"1279549a\" data-element_type=\"section\" data-settings=\"{&quot;background_background&quot;:&quot;slideshow&quot;,&quot;background_slideshow_gallery&quot;:[{&quot;id&quot;:11096,&quot;url&quot;:&quot;https:\\\/\\\/dralucianavilela.com.br\\\/wp-content\\\/uploads\\\/2021\\\/06\\\/tracado-logo-dra-luciana-vivela-2.png&quot;}],&quot;background_slideshow_loop&quot;:&quot;yes&quot;,&quot;background_slideshow_slide_duration&quot;:5000,&quot;background_slideshow_slide_transition&quot;:&quot;fade&quot;,&quot;background_slideshow_transition_duration&quot;:500}\">\n\t\t\t\t\t\t<div class=\"elementor-container elementor-column-gap-default\">\n\t\t\t\t\t<div class=\"elementor-column elementor-col-50 elementor-top-column elementor-element elementor-element-2d41672 top column-style-top\" data-id=\"2d41672\" data-element_type=\"column\">\n\t\t\t<div class=\"elementor-widget-wrap elementor-element-populated\">\n\t\t\t\t\t\t\t\t<div class=\"elementor-element elementor-element-4964c44 elementor-widget elementor-widget-heading\" data-id=\"4964c44\" data-element_type=\"widget\" data-widget_type=\"heading.default\">\n\t\t\t\t<div class=\"elementor-widget-container\">\n\t\t\t<h2 class=\"elementor-heading-title elementor-size-default\">Escrit\u00f3rio de advocacia empresarial M\u00e1rcio Oliveira<\/h2>\t\t<\/div>\n\t\t\t\t<\/div>\n\t\t\t\t<div class=\"elementor-element elementor-element-a391bbe elementor-widget elementor-widget-text-editor\" data-id=\"a391bbe\" data-element_type=\"widget\" data-widget_type=\"text-editor.default\">\n\t\t\t\t<div class=\"elementor-widget-container\">\n\t\t\t\t\t\t\t<p style=\"text-align: justify;\">O escrit\u00f3rio tem como ramos de especializa\u00e7\u00e3o as \u00e1reas de direito do trabalho (principal ramo de atua\u00e7\u00e3o, na elabora\u00e7\u00e3o de defesas trabalhistas), direito empresarial, direito civil e direito banc\u00e1rio. Conta com amplas e modernas instala\u00e7\u00f5es, em local central da cidade de Betim, com f\u00e1cil estacionamento e acesso, al\u00e9m de profissionais especializados.<\/p><p style=\"text-align: justify;\">Sob a dire\u00e7\u00e3o do Dr. M\u00e1rcio Adriano Gomes de Oliveira, com atua\u00e7\u00e3o h\u00e1 24 anos, o escrit\u00f3rio tem por objetivo atender a cidade de Betim e regi\u00e3o metropolitana de Belo Horizonte, e todo o Estado de Minas Gerais, contando com escrit\u00f3rios correspondente nos Estados de S\u00e3o Paulo, Bahia, Rio de Janeiro.<\/p><p style=\"text-align: justify;\">Oferecemos um trabalho diferenciado, com muita qualidade, pontualidade e comprometimento, pautando pela \u00e9tica e responsabilidade na atua\u00e7\u00e3o profissional.<\/p><p style=\"text-align: justify;\">No atendimento \u00e0s empresas, tem a parte preventiva dos lit\u00edgios, como diferencial, sendo prestado todo o servi\u00e7o de consultoria jur\u00eddica, AL\u00c9M DE APRESENTA\u00c7\u00c3O DE RESULTADOS DE PROCESSOS, COM RELAT\u00d3RIOS E N\u00daMEROS INDICATIVOS.<\/p>\t\t\t\t\t\t<\/div>\n\t\t\t\t<\/div>\n\t\t\t\t\t<\/div>\n\t\t<\/div>\n\t\t\t\t<div class=\"elementor-column elementor-col-50 elementor-top-column elementor-element elementor-element-47c5cee9 top column-style-top\" data-id=\"47c5cee9\" data-element_type=\"column\">\n\t\t\t<div class=\"elementor-widget-wrap elementor-element-populated\">\n\t\t\t\t\t\t\t\t<div class=\"elementor-element elementor-element-c6f5855 elementor-widget elementor-widget-image\" data-id=\"c6f5855\" data-element_type=\"widget\" data-widget_type=\"image.default\">\n\t\t\t\t<div class=\"elementor-widget-container\">\n\t\t\t\t\t\t\t\t\t\t\t\t\t\t\t<img loading=\"lazy\" decoding=\"async\" width=\"682\" height=\"1024\" src=\"https:\/\/advocaciaempresarialbetim.com.br\/wp-content\/uploads\/2022\/06\/foto-dr-marcio-oliveira-682x1024.jpg\" class=\"attachment-large size-large\" alt=\"\" srcset=\"https:\/\/advocaciaempresarialbetim.com.br\/wp-content\/uploads\/2022\/06\/foto-dr-marcio-oliveira-682x1024.jpg 682w, https:\/\/advocaciaempresarialbetim.com.br\/wp-content\/uploads\/2022\/06\/foto-dr-marcio-oliveira-768x1152.jpg 768w, https:\/\/advocaciaempresarialbetim.com.br\/wp-content\/uploads\/2022\/06\/foto-dr-marcio-oliveira.jpg 853w\" sizes=\"auto, (max-width: 682px) 100vw, 682px\" \/>\t\t\t\t\t\t\t\t\t\t\t\t\t\t\t<\/div>\n\t\t\t\t<\/div>\n\t\t\t\t\t<\/div>\n\t\t<\/div>\n\t\t\t\t\t\t\t<\/div>\n\t\t<\/section>\n\t\t\t\t\t\t<\/div>\n\t\t\t\t\t<\/div>\n\t\t","protected":false},"excerpt":{"rendered":"<p>Escrit\u00f3rio de advocacia empresarial M\u00e1rcio Oliveira O escrit\u00f3rio tem como ramos de especializa\u00e7\u00e3o as \u00e1reas de direito do trabalho (principal ramo de atua\u00e7\u00e3o, na elabora\u00e7\u00e3o de defesas trabalhistas), direito empresarial, [&hellip;]<\/p>\n","protected":false},"author":1,"featured_media":0,"parent":0,"menu_order":0,"comment_status":"closed","ping_status":"closed","template":"","meta":{"_joinchat":[],"footnotes":""},"class_list":["post-612","page","type-page","status-publish","hentry"],"_links":{"self":[{"href":"https:\/\/advocaciaempresarialbetim.com.br\/index.php?rest_route=\/wp\/v2\/pages\/612","targetHints":{"allow":["GET"]}}],"collection":[{"href":"https:\/\/advocaciaempresarialbetim.com.br\/index.php?rest_route=\/wp\/v2\/pages"}],"about":[{"href":"https:\/\/advocaciaempresarialbetim.com.br\/index.php?rest_route=\/wp\/v2\/types\/page"}],"author":[{"embeddable":true,"href":"https:\/\/advocaciaempresarialbetim.com.br\/index.php?rest_route=\/wp\/v2\/users\/1"}],"replies":[{"embeddable":true,"href":"https:\/\/advocaciaempresarialbetim.com.br\/index.php?rest_route=%2Fwp%2Fv2%2Fcomments&post=612"}],"version-history":[{"count":41,"href":"https:\/\/advocaciaempresarialbetim.com.br\/index.php?rest_route=\/wp\/v2\/pages\/612\/revisions"}],"predecessor-version":[{"id":11440,"href":"https:\/\/advocaciaempresarialbetim.com.br\/index.php?rest_route=\/wp\/v2\/pages\/612\/revisions\/11440"}],"wp:attachment":[{"href":"https:\/\/advocaciaempresarialbetim.com.br\/index.php?rest_route=%2Fwp%2Fv2%2Fmedia&parent=612"}],"curies":[{"name":"wp","href":"https:\/\/api.w.org\/{rel}","templated":true}]}}